actor of 51329304 and 21866?
754
Calculate the greatest common factor of 432540 and 225180.
1620
Calculate the highest common factor of 275 and 17745600.
25
Calculate the greatest common factor of 11928 and 236712.
168
What is the greatest common divisor of 785 and 23206955?
785
What is the highest common factor of 958723 and 86741?
127
Calculate the greatest common divisor of 1836 and 4884899.
17
What is the greatest common divisor of 236 and 15575882?
118
What is the greatest common divisor of 12667 and 107?
1
What is the highest common divisor of 150515 and 1445?
5
Calculate the highest common factor of 28906 and 1244746.
298
What is the greatest common divisor of 222996 and 3684?
12
Calculate the highest common divisor of 945 and 5559750.
315
Calculate the greatest common factor of 102863978 and 1658.
1658
What is the highest common factor of 637912 and 40896?
8
What is the highest common divisor of 957 and 77012661?
957
Calculate the highest common divisor of 15 and 168249.
3
Calculate the greatest common factor of 132362 and 709206.
578
Calculate the greatest common factor of 6208 and 1763848.
776
Calculate the highest common factor of 165082090 and 20.
10
What is the highest common divisor of 16578607 and 69?
23
What is the greatest common factor of 114 and 806924262?
114
What is the highest common divisor of 1027026 and 6336?
198
Calculate the highest common divisor of 1230039 and 27.
27
What is the greatest common divisor of 26875888 and 1884?
628
What is the highest common factor of 15551514 and 136026?
594
Calculate the highest common divisor of 2622 and 8180364.
138
Calculate the highest common divisor of 662 and 34308812.
662
What is the greatest common divisor of 1203798 and 5634?
1878
What is the highest common factor of 41632578 and 27?
9
Calculate the greatest common factor of 1448 and 192597937.
181
What is the greatest common divisor of 78336 and 203584?
64
What is the greatest common divisor of 122 and 1211112910?
122
Calculate the greatest common divisor of 13370 and 147453910.
1910
What is the greatest common divisor of 12741885 and 57960?
1035
Calculate the highest common factor of 1668480 and 3645.
15
What is the greatest common divisor of 694189392 and 80?
16
What is the highest common divisor of 448761 and 6612?
57
What is the highest common factor of 40352 and 60732864?
3104
What is the highest common factor of 81812 and 289600?
724
What is the greatest common divisor of 14114388 and 2?
2
Calculate the highest common factor of 445231 and 29423138.
9473
What is the greatest common factor of 6294 and 20176?
2
Calculate the highest common factor of 54 and 71382114.
54
What is the highest common divisor of 135026 and 99007?
181
Calculate the greatest common divisor of 645606351 and 1287.
117
Calculate the highest common divisor of 8158513 and 9.
1
What is the greatest common divisor of 429358245 and 75?
15
Calculate the greatest common factor of 7228 and 346544653.
1807
What is the highest common factor of 42 and 25846534?
14
Calculate the greatest common factor of 61716105 and 195.
15
Calculate the greatest common factor of 9479032 and 1413.
157
Calculate the greatest common factor of 2754576 and 179376.
1776
Calculate the greatest common divisor of 5075 and 129311.
203
What is the highest common divisor of 277035 and 23027485?
8395
What is the greatest common factor of 1322 and 2537557187?
661
Calculate the highest common factor of 163654153 and 13.
13
Calculate the greatest common factor of 19328 and 459191.
151
What is the highest common divisor of 2881320 and 45?
15
What is the greatest common divisor of 48568272 and 253?
23
What is the highest common factor of 585060 and 224870?
1990
Calculate the highest common divisor of 6132 and 58385838.
3066
What is the highest common factor of 901 and 40828713?
17
Calculate the greatest common factor of 65614852 and 404.
404
Calculate the greatest common factor of 6674 and 145763.
71
What is the greatest common divisor of 26550 and 68461830?
5310
What is the greatest common factor of 18760 and 549102520?
2680
What is the highest common factor of 17446374 and 270?
54
Calculate the greatest common divisor of 251278846 and 78.
26
Calculate the highest common factor of 50255 and 1627825.
2185
What is the greatest common factor of 26000 and 264568000?
2000
Calculate the highest common factor of 90 and 12505542.
6
What is the greatest common divisor of 530774 and 4208?
2
What is the highest common divisor of 2537353 and 2457?
91
What is the greatest common factor of 143 and 239465083?
143
Calculate the highest common divisor of 1848301 and 1365.
91
What is the greatest common factor of 33046 and 32862976?
2542
Calculate the greatest common divisor of 384734 and 19369.
7
What is the highest common divisor of 1065 and 11974635?
15
What is the greatest common divisor of 30488172 and 326?
326
What is the highest common factor of 538323665 and 29?
29
What is the highest common divisor of 36980285 and 778?
389
What is the highest common factor of 16942 and 251163?
43
Calculate the highest common factor of 4584184 and 110.
22
What is the highest common divisor of 285620023 and 52?
13
Calculate the highest common divisor of 75 and 3825249.
3
Calculate the greatest common factor of 1062296 and 49648.
856
Calculate the highest common divisor of 65 and 5722041.
13
What is the highest common factor of 12 and 4752415152?
12
Calculate the highest common divisor of 413 and 22501479.
413
Calculate the greatest common factor of 6692 and 1704192.
28
Calculate the highest common divisor of 1157 and 1250539.
89
What is the highest common divisor of 66064329 and 23409?
1377
Calculate the greatest common factor of 519 and 306235950.
519
Calculate the greatest common divisor of 1721440 and 2518824.
1624
Calculate the greatest common factor of 504 and 48781440.
72
Calculate the highest common factor of 227392 and 24068.
44
What is the greatest common divisor of 676 and 277022434?
338
What is the highest common factor of 551600 and 168?
56
What is the highest common factor of 150403 and 264869?
1331
Calculate the greatest common factor of 12129 and 615511.
13
What is the greatest common factor of 394471390 and 25?
5
What is the highest common divisor of 162352 and 135108?
556
Calculate the highest common factor of 1071 and 6946947.
63
What is the highest common factor of 11891205 and 81?
81
Calculate the greatest common divisor of 30454502 and 39.
13
What is the highest common factor of 609 and 7544607?
21
What is the greatest common divisor of 90559 and 44688203?
5327
Calculate the highest common factor of 1104 and 28273440.
1104
Calculate the highest common factor of 3291 and 20393230.
1097
Calculate the highest common divisor of 4400 and 6624784.
16
Calculate the greatest common factor of 35847509 and 979.
89
Calculate the greatest common factor of 191772630 and 154.
14
Calculate the greatest common divisor of 2004822 and 174.
6
What is the highest common divisor of 6557 and 69599?
79
What is the greatest common factor of 219731954 and 22074?
7358
What is the greatest common divisor of 299 and 2455917?
23
Calculate the greatest common factor of 20125152 and 24.
24
Calculate the greatest common divisor of 21858976 and 64.
32
What is the greatest common divisor of 382511977 and 1?
1
What is the highest common divisor of 289036111 and 182?
91
Calculate the highest common factor of 506 and 36030544.
22
What is the greatest common divisor of 16910600 and 15792?
2632
Calculate the greatest common divisor of 592056 and 2484.
108
What is the greatest common factor of 14 and 1260938?
14
What is the highest common divisor of 4252 and 35830541?
1063
Calculate the greatest common factor of 212 and 275624062.
106
What is the greatest common factor of 7156471 and 469?
469
Calculate the greatest common factor of 1937609477 and 89.
89
Calculate the highest common divisor of 506849 and 5429.
61
Calculate the highest common divisor of 20 and 327748660.
20
What is the highest common divisor of 34698776 and 56?
56
What is the greatest common factor of 144 and 2901397?
1
What is the highest common divisor of 4404055 and 177?
59
Calculate the highest common factor of 7722019 and 14047.
1277
Calculate the highest common 